+ -8
-36
Calculate 0 + -4 + 11 + 4 + 1.
12
What is the value of 5 + -1 + 1 + (-11 + 16 - -6)?
16
What is the value of 0 - (0 - -5 - (108 + -96))?
7
What is the value of 2 + (11 + -5 - 22) + -17?
-31
Evaluate (9 - -1) + -6 + 31 + -32.
3
Evaluate -61 + 84 + -4 + 1.
20
Calculate 1 + (0 + -1 + 0 - -2).
2
What is the value of 7 - (8 + (-5 - -7)) - 4?
-7
What is 3 + 1 + -15 + -14 + 41?
16
What is the value of -21 + 0 + -6 + -5 - -11?
-21
Calculate (1 - (0 + -1)) + (-3 + 6 - -1).
6
5 - (3 + -14 - (7 - 10))
13
Evaluate -51 + 57 + (-13 - ((0 - 2) + 1)).
-6
Calculate (2 - (-9 - -1)) + -13 + 2 + 0.
-1
Calculate 7 + (15 - 17) + -10.
-5
What is 29 + (9 - 7) + (-51 - -43)?
23
Evaluate 11 + -10 - (-1 + -4 - -7).
-1
What is 5 - 1 - (22 - 9)?
-9
(6 - (-33 - -5)) + -6
28
What is -7 + 1 + 6 + (-7 - -7) - 14?
-14
4 - (19 + -58 - -73)
-30
Calculate -35 - -2 - (4 - (-5 + 11)).
-31
Evaluate (0 - 0) + (7 - (6 - 2)) + -2.
1
What is the value of -6 - (-2 + 10 - (-7 - -8))?
-13
What is the value of -15 + 7 + 2 + 2 + 0 + 6?
2
What is (14 + -20 - -7) + (4 - 26) + -3?
-24
What is the value of -9 - (-14 - -11) - (-11 - (3 - 0))?
8
92 + -29 + -58 - (1 - (-2 + -34))
-32
What is (-54 + 61 - (-4 - (0 + -5))) + 21?
27
What is the value of -1 + (8 + -5 - 8 - (-4 + -5))?
3
35 + (15 - 31 - 3)
16
What is 3 - (10 + -12) - (-2 - -11)?
-4
What is 65 + -55 + -2 + 1?
9
Calculate -8 - -4 - (-22 + 19) - 5.
-6
Calculate -14 - (11 - (-8 + 5) - 25).
-3
Evaluate (0 - -6 - 9) + -1 - -8.
4
-1 + 0 + -7 - (-11 + 12)
-9
Evaluate 21 - 7 - (6 - 2).
10
What is 69 + -15 + -18 + -9?
27
((7 - 6) + -5 - (-6 + 0)) + 5
7
What is the value of -17 + (3 - (1 - (11 + -2)))?
-6
What is -4 - -16 - (-71 + 80)?
3
Evaluate 3 + (-1 + 3 - 5) + -25 - -5.
-20
Calculate -8 + -12 + 23 - -15.
18
Evaluate 9 - -36 - (129 + -94).
10
Calculate 17 + -46 + 22 - (1 + -18).
10
Calculate -18 - (17 + (-6 + -6 - 0)).
-23
Calculate -6 + 16 + (-23 - -15).
2
8 + -4 + 0 + 5 - (25 - 4)
-12
Calculate 13 - (6 + (-2 - -5)) - 5.
-1
Evaluate (128 - 121) + -22 + -3.
-18
Calculate 30 + -51 + 18 - (1 - 0).
-4
(2 + 5 - (22 + -10)) + 8
3
What is 74 + -61 - (18 - -2) - (6 + 2)?
-15
Calculate -4 + 0 + 8 + (-16 - -13).
1
What is the value of (-3 - 26) + 27 + 1?
-1
Evaluate 2 + -10 - 5 - -2.
-11
What is the value of (-19 - -29) + -6 + (-2 - -3 - 21)?
-16
What is the value of (0 - -3) + (-212 - -201)?
-8
What is the value of (2 - 19 - 0) + 74 + -31 + -41?
-15
Evaluate -1 + -7 + (24 - (7 + 12 + 12)).
-15
What is 17 + -15 + -1 + 3 + -20?
-16
What is (7 - (13 + -4)) + -3?
-5
Evaluate 10 + (-47 - (-14 - (0 + -4))).
-27
Evaluate 28 + -10 - (-41 + 36).
23
What is 23 - 1 - (87 + -87)?
22
Calculate -1 - 0 - (-125 + 86).
38
What is the value of (0 - -17) + (80 - 69 - (14 + -2))?
16
What is 22 - 15 - 47 - -43?
3
3 + 5 + (6 - 3) + -8
3
219 - 155 - (32 - -2)
30
2 + (23 - 6) + -7 - (2 - 1)
11
What is the value of -7 + ((-9 - 2) + 11 - -37)?
30
What is the value of (1 - 8) + -9 - (-14 - (0 + -8))?
-10
(26 - -7) + -72 + 59
20
Evaluate 35 + -55 + (-9 - -20).
-9
What is the value of 0 + 13 + 13 - 20?
6
Calculate -10 - (-14 - (22 - 14)).
12
9 + -9 + (-10 + 2 - -6)
-2
What is the value of -7 + 12 + -6 + (-5 - -5)?
-1
What is -7 + 2 + (7 - -4)?
6
Evaluate -3 + 6 + 11 - 14.
0
Calculate 13 + (-33 - (-1 + -11)).
-8
What is -13 + -6 + 0 + 1 + -1?
-19
Evaluate -16 - ((-3 - 10) + 8).
-11
4 + 21 + -4 - (169 + -160)
12
What is -5 - (-7 + (6 - -1) + 8)?
-13
Calculate -3 + -14 + (6 + -6 + 2 - -3).
-12
What is (-8 - 1) + (1 - (-20 - -27))?
-15
Calculate 11 - (-119 - -135 - ((1 - -6) + 1)).
3
What is 0 + 4 - -3 - (11 + -6)?
2
Calculate 8 - (6 + 3 + 0) - 14.
-15
1 + -6 + 0 - ((-49 - -7) + 25)
12
Calculate 1 - ((-2 - 1) + -5 - (15 - 9)).
15
Evaluate 2 - (13 - 19) - 16.
-8
Evaluate -2 + -22 + -11 + 25.
-10
Calculate -8 + (-42 + 42 - 30).
-38
Calculate (1 - -2) + -4 + 112 + -110.
1
What is the value of -5 + (24 - 4) + -11 + 8?
12
Evaluate -109 + 81 - (-5 + -5).
-18
3 + -16 + -2 - (3 - 2 - -5)
-21
What is (-12 - (-24 + 8)) + -15?
-11
What is the value of (-1 - -6) + -19 + 20 + -1 + 6?
11
Calculate 2 - ((-6 - 5) + (8 - 4)).
9
What is the value of (35 - -4) + (153 - 181)?
11
19 + 8 + -18 - 2
7
Calculate 1 + 30 - (240 - 222).
13
6 - (-26 + -6 + 36)
2
Evaluate (12 - (5 + 6 + -16)) + 9.
26
What is the value of (6 - 3) + (-10 - (-7 - 7))?
7
Calculate 34 + -16 + -6 + -5.
7
Calculate (-8 + 3 - -9) + -3 + 0 + 6.
7
What is (-2 - (-10 + 15 - (1 + 4))) + -1?
-3
1 + 21 + -6 - 13 - -25
28
Evaluate 24 + (-20 + 43 - 56).
-9
What is -2 - (9 - (6 - -4)) - -1?
0
Evaluate (-73 - -65) + (1 - -8 - (4 - 1)).
-2
What is (-48 - -63) + (3 - 3)?
15
-25 - ((-16 - -1) + 16)
-26
Calculate 8 + -1 - (6 + (17 - -13 - 10)).
-19
12 - (-12 + (26 - -14)) - 11
-27
What is (-4 - -26) + 1 + (-7 - (-8 + 3))?
21
Calculate (9 - (6 + -1 + (-19 - -19))) + -23.
-19
What is 10 + (-31 - 4) + 25?
0
Calculate (58 - 0) + -60 + 1 + 2.
1
What is 3 + (-1 + 2 - 2) - (-21 - -33)?
-10
Calculate -4 - (-289 + 287 - (0 - 0 - 6)).
-8
-1 - 2 - (3 + -6) - 2
-2
What is (7 - 30) + 5 - -13?
-5
What is the value of (-13 - -21) + (1 - (0 - 1))?
10
What is 7 + 9 + (-10 - -3)?
9
(16 - -4) + -21 + -18
-19
Calculate 13 + (7 - 8) + -9.
3
(-3 + -4 - (65 - 67)) + (0 - -17)
12
-3 + 2 + (-1 + 1 - (-8 - -10))
-3
Evaluate -5 + 6 + 1 + (-8 - 0).
-6
What is 10 - (-3 + (37 - 29) + 0 + -1)?
6
Calculate 8 + (6 - 5) + 6 + -19.
-4
Calculate (966 - 980) + (1 - -23).
10
What is (4 - 4) + 11 - (-9 + 11 + -26)?
35
What is the value of -4 - -1 - 3 - -2 - (193 - 191)?
-6
Calculate -9 + 21 + (-11 - 16) + (-5 - 1).
-21
Evaluate 14 + (-1 - 0) - ((34 - 24) + -7).
10
Calculate -7 - (4 + -4 + -1) - 4.
-10
(34 - 29) + 1 + -16
-10
-10 + -1 + 1 + 6 + -127 + 113
-18
Calculate 11 - 2 - 2 - (304 - 302).
5
Calculate -9 + -7 + 10 + 5 + -9.
-10
Calculate 28 + (1 - -8) + -17 - 1.
19
What is 4 - (21 - 12 - 1)?
-4
21 - 14 - 7 - 13
-13
Calculate 13 - (-12 + 2 + -2 + -6 + 13).
18
What is 5 - (-17 - -34 - -35 - 15)?
-32
What is (2 - 14) + (-27 - -13 - -14)?
-12
-34 + (12 - 9) + (-5 - -6)
-30
Evaluate 6 - (30 - (17 + -1)).
-8
Calculate 10 + (-11 - -6) - (-9 - -7).
7
What is the value of -247 + 242 + (-1 - -37 - (2 + 1))?
28
Calculate (-6 - (-1 + -1)) + -9 + 7 + 6.
0
What is the value of -2281 - -2282 - (7 + 1 + 1 + 1)?
-9
Calculate 7 - (-1 + 0) - (-43 - -58).
-7
What is 1 - -9 - (-4 - (22 + -66))?
-30
What is -9 - ((-23 - -16) + (3 - (1 - 3)))?
-7
-346 + 335 + 1 + 6 + -1 + -21
-26
Calculate 43 - (4 - -23) - (1 - 3).
18
What is (-10 - (-2 + -2)) + 31 + -5?
20
(44 - 55) + -6 + (4 - 12)
-25
Evaluate -20 + -6 + (-6 - (-8 - (15 - 9))).
-18
What is the value of 4 + -36 + 7 + (13 - -2) + -16?
-26
What is -1 + (6 - (3 + -17)) + -15?
4
Evaluate (-55 - -49) + -3 + 1 + (-2 - -15).
5
What is (5 - (13 + -8)) + (2 + 0 - -2)?
4
What is the value of -2 + 18 - (-127 + 139)?
4
What is the value of -12 + 4 + -5 - ((14 - 13) + 7)?
-21
What is the value of 6 + (3 - (2 - -6) - (-40 - -25))?
16
Calculate (-11 - (-12 + 7)) + 15.
9
Evaluate (-25 - -16) + 3 + -2.
-8
What is the value of 10 + (25 - 40) - (8 - (-4 + 3))?
-14
Evaluate 25 + -8 - 20 - (0 - -6).
-9
Evaluate -8 + 7 + -18 + (1 - 1).
-19
Calculate 32 - 31 - (-11 - (0 + -3)).
9
Evaluate -1 - 18 - (1093 + -1137).
25
Evaluate -14 + 14 - -15 - (3 - (-5 + 2)).
9
What is 4 + 18 + -5 - (-207 + 207)?
17
What is (-8 - 2) + 2 + (-5 - (-6 - -2))?
-9
Calculate (-460 - -460) + 1 + -9.
-8
Evaluate (-1 - -2) + 9 - -2 - (-199 - -200).
11
(-9 + -8 - -18) + -8
-7
What is the value of 8 - (-4 - (-12 + 3)) - -4?
7
Evaluate (11 + -5 - 4 - -4 - 8) + -3.
-5
Calculate 1 + -1 - -2 - (-3 + 2) - 14.
-11
What is the value of (-4 - 3) + 4 + -5 + 0?
-8
What is (29 - -6) + -22 - 1?
12
What is 2 + -12 - (-3 - 16) - 24?
-15
What is 35 + -2 - (-95 - -159)?
-31
What is the value of 10 - (-4 + 0 + 7 + -27) - 10?
24
Calculate -483 + 472 + -1 + 1 + -2.
-13
-11 - (7 - ((3 - 5) + 7))
-13
Evaluate (-5 - (-5 + -9)) + 1 + -1 + 0.
9
1 + -13 + (17 - 4)
1
What is the value of 5 + -18 + 17 + -8?
-4
What is the value of (-1 - 3) + (-13 - -15)?
-2
25 + -24 + (-26 - -33)
8
Calculate (5 - -3 - (-14 - -15)) + 1 + -6.
2
Calculate (19 - 1 - 4 - -4) + 20.
38
-45 + 53 + (-9 - (-3 + 5))
-3
Calculate (1 - (-16 + -6)) + -41.
-18
What is the value of (-8 + 0 - (2 - 17)) + -1?
6
What is the value of -18 + -28 + 17 - -13?
-1